{"id":3258,"date":"2017-09-25T14:22:17","date_gmt":"2017-09-25T11:22:17","guid":{"rendered":"http:\/\/vadelma.org\/korppiradio\/?page_id=3258"},"modified":"2019-03-04T11:16:58","modified_gmt":"2019-03-04T09:16:58","slug":"parasite-radio","status":"publish","type":"page","link":"http:\/\/www.vadelma.org\/korppiradio\/parasite-radio\/","title":{"rendered":"Parasite Radio"},"content":{"rendered":"<h3>Starting on Thursday 21st September<\/h3>\n<h2>SIGNALS FROM THE SOUTH: PARASITE RADIO<\/h2>\n<p><i>\u201cAlthough many avant-garde artists dreamed about taking over communication channels, they ultimately succeeded by contaminating the discourse networks of their time with small irritations that were based on a creative abuse of media technologies and practices.<\/i><i>\u201d<\/i><\/p>\n<h3><em>MUU-galleriassa ja verkossa 21.-26.9.<\/em><\/h3>\n<p><em><strong>Parasite Radio <\/strong>on muutaman p\u00e4iv\u00e4n mittainen kansainv\u00e4linen radiotaidekokeilu, jonka aikana streamataan eri tahojen yhdess\u00e4 koostamia \u00e4\u00e4nimaisemia avantgarde-henkeen radiomedian rajoja koetellen.&nbsp;Kolmen samanhenkisen festivaalin: <a href=\"http:\/\/transitiomx.net\/\">transitio MX<\/a>:n (Mexico City), <a href=\"https:\/\/www.city-link.org\/\">City Link<\/a>in (K\u00f6\u00f6penhamina) ja <a href=\"https:\/\/festival.pixelache.ac\/events\/signals-from-the-south-parasite-radio\">Pikseli\u00e4hkyn<\/a> ajoittuessa t\u00e4n\u00e4 vuonna p\u00e4\u00e4llekk\u00e4in syntyi ajatus tutkia hajauttamisen ja paikallisuuden teemoja n\u00e4iden festivaalien v\u00e4list\u00e4 internet-radio-ohjelmaa tuottamalla.&nbsp;Parasite Radion ohjelma l\u00e4hetet\u00e4\u00e4n Helsingiss\u00e4 <a href=\"http:\/\/vadelma.org\/korppiradio\/\">Korppiradio<\/a>n kautta, ja luvassa on ainakin otteita eri tekij\u00f6iden \u00e4\u00e4niarkistoista, tuuleen perustuva generatiivisen musiikin \u00e4\u00e4niteos Aeolian Artefacts ja materiaalia kansainv\u00e4lisen <a href=\"http:\/\/pixelache.ac\">Pixelache<\/a>-verkoston j\u00e4senilt\u00e4, kuten brasilialaiselta Bailuxilta.<\/em><\/p>\n<h4>At Muu Gallery and online 21-26th September<\/h4>\n<h5>In collaboration with Transitio MX, City Link and Pixelache<\/h5>\n<h5>Organized by Juan Duarte, Jon Irigoyen and Mikko Lipi\u00e4inen<\/h5>\n<p><em><strong>Parasite Radio<\/strong> will be an international effort of producing streaming radio content including soundscapes and sonic experiments. While attempting follow the avant-garde spirit of creatively abusing the limits of the radio medium via online and short-range spectrums, the experiment presents collaborative alterations in the radio mediums to enable telematic appropriations of the Signals between the North and the South.<\/em><\/p>\n<h5><\/h5>\n<p><em>An overlapping timing (23rd &#8211; 26th of September) between the three festivals involved: <a href=\"http:\/\/transitiomx.net\/\">Transitio MX<\/a> in Mexico City, <a href=\"https:\/\/www.city-link.org\/\">City Link<\/a> in Copenhague and Pixelache in Helsinki, inspired the project organisers to make a live streaming to connect remotely these three nodes that will team up to create an expansive retransmission between the festivals that seek a decentralised and collaborative profile, while each one joining in with their own sound archives and retransmission capabilities. Hence, a sort of Sonic Virology will be spread out through the transmission of medium alterations and generative soundscapes fed through the media platforms that structure Parasite Radio as in their different global nodes.<\/em><\/p>\n<h5><\/h5>\n<p><em>Parasite Radio will be retransmitted in Helsinki via <a href=\"http:\/\/vadelma.org\/korppiradio\/\">Korppiradio<\/a> to broadcast a dynamic playlist of &nbsp;sonic materials, including archives of sonic experiments by various contributors, Aeolian Artefacts (generative music experiments with wind) and material by actors from Pixelache Networks spread around the globe, such as Bailux.<\/em><\/p>\n<p>&nbsp;<\/p>\n<hr>\n<h2><em><strong>Parasite Radio this week <\/strong><\/em><\/h2>\n<p><em>Sadly Parasite Radio&#8217;s partner <a href=\"http:\/\/transitiomx.net\/es\/inicio\">Transitio MX <\/a>in Mexico City has been cancelled due the earthquakes. We send our best wishes and condolences!<\/em><\/p>\n<h4>Tuesday 16:00-17:00 Aeolian Artefacts live stream from Muu gallery.<\/h4>\n<h4>Tuesday 17:00 City Link Copenhagen soundscapes.<\/h4>\n","protected":false},"excerpt":{"rendered":"<p>Starting on Thursday 21st September SIGNALS FROM THE SOUTH: PARASITE RADIO \u201cAlthough many avant-garde artists dreamed about taking over communication channels, they ultimately succeeded by contaminating the discourse networks of their time with small irritations that were based on a creative abuse of media technologies and practices.\u201d MUU-galleriassa ja verkossa 21.-26.9. Parasite Radio on muutaman&hellip;<\/p>\n","protected":false},"author":1,"featured_media":0,"parent":0,"menu_order":0,"comment_status":"closed","ping_status":"closed","template":"","meta":{"footnotes":""},"class_list":["post-3258","page","type-page","status-publish","hentry"],"_links":{"self":[{"href":"http:\/\/www.vadelma.org\/korppiradio\/wp-json\/wp\/v2\/pages\/3258","targetHints":{"allow":["GET"]}}],"collection":[{"href":"http:\/\/www.vadelma.org\/korppiradio\/wp-json\/wp\/v2\/pages"}],"about":[{"href":"http:\/\/www.vadelma.org\/korppiradio\/wp-json\/wp\/v2\/types\/page"}],"author":[{"embeddable":true,"href":"http:\/\/www.vadelma.org\/korppiradio\/wp-json\/wp\/v2\/users\/1"}],"replies":[{"embeddable":true,"href":"http:\/\/www.vadelma.org\/korppiradio\/wp-json\/wp\/v2\/comments?post=3258"}],"version-history":[{"count":0,"href":"http:\/\/www.vadelma.org\/korppiradio\/wp-json\/wp\/v2\/pages\/3258\/revisions"}],"wp:attachment":[{"href":"http:\/\/www.vadelma.org\/korppiradio\/wp-json\/wp\/v2\/media?parent=3258"}],"curies":[{"name":"wp","href":"https:\/\/api.w.org\/{rel}","templated":true}]}}