{"id":1539,"date":"2014-03-17T02:39:10","date_gmt":"2014-03-17T00:39:10","guid":{"rendered":"http:\/\/vadelma.org\/korppiradio\/?page_id=1539"},"modified":"2019-03-04T11:02:53","modified_gmt":"2019-03-04T09:02:53","slug":"vastaluenta","status":"publish","type":"page","link":"https:\/\/www.vadelma.org\/korppiradio\/vastaluenta\/","title":{"rendered":"Vastaluenta"},"content":{"rendered":"<p><strong>(<em>loppunut<\/em>) Vastaluenta<\/strong>-ohjelmassa luetaan kulttihuomion saaneita kotimaisia ja ulkomaisia yhteiskunnallisen kirjallisuuden klassikoita. Janten Laki ja tohtori Finckelmann ovat keinoja kyseenalaistaa ja tuoda n\u00e4kyv\u00e4ksi yhteis\u00f6n yksil\u00f6\u00f6n sosialisaation tai pelk\u00e4n vuorovaikutuksen kautta kohdistama v\u00e4kivalta, joka lopulta on valtaa. Vastaluennassa etsit\u00e4\u00e4n kriittis-yhteiskunnallisen kirjallisuuden lukijaa voimauttavaa, vallankumouksellista potentiaalia. Tekij\u00e4 Rita Dahl<\/p>\n<p><strong>Nauhoitettuja jaksoja:<\/strong><\/p>\n<p><strong>Ensimm\u00e4inen jakso. <\/strong>Jorma Korpelan Tohtori Finckelmanin hahmo muistuttaa yll\u00e4tt\u00e4v\u00e4n paljon potilaitaan: h\u00e4nenkin mielens\u00e4 liikuu pohjalta huipulle. Onko Finkelmanin hahmo todellinen vai nuoren kunnianhimoisen maalaispojan mielen kuvitelma? (L\u00e4hetetty sunnuntaina 9.3.2014):<\/p>\n<p><code><div id=\"mp3jWrap_0\" class=\"mjp-s-wrapper s-graphic unsel-mjp bigger2 gill-mjp\" style=\"font-size:14px;\"><span id=\"playpause_wrap_mp3j_0\" class=\"wrap_inline_mp3j\" style=\"font-weight:700;\"><span class=\"gfxbutton_mp3j play-mjp\" id=\"playpause_mp3j_0\" style=\"font-size:14px;\">&nbsp;&nbsp;&nbsp;&nbsp;&nbsp;<\/span>&nbsp;<span class=\"group_wrap\"><span class=\"bars_mp3j\"><span class=\"loadB_mp3j\" id=\"load_mp3j_0\"><\/span><span class=\"posbarB_mp3j\" id=\"posbar_mp3j_0\"><\/span><\/span><span class=\"T_mp3j\" id=\"T_mp3j_0\" style=\"font-size:14px;\">Vastaluenta_1<\/span><span class=\"indi_mp3j\" style=\"font-size:9.8px;\" id=\"statusMI_0\"><\/span><\/span><span class=\"vol_mp3j flipped\" id=\"vol_mp3j_0\"><\/span><\/span><\/div><span class=\"s-nosolution\" id=\"mp3j_nosolution_0\" style=\"display:none;\"><\/span><script>\nMP3jPLAYLISTS.inline_0 = [\n\t{ name: \"Vastaluenta_1\", formats: [\"mp3\"], mp3: \"aHR0cDovL3N0cmVhbS52YWRlbG1hLm9yZzo2MTk3NC9rb3JwcGlyYWRpby9WYXN0YWx1ZW50YV8xLm1wMw==\", counterpart:\"\", artist: \"\", image: \"\", imgurl: \"\" }\n];\n<\/script>\n\n<script>MP3jPLAYERS[0] = { list: MP3jPLAYLISTS.inline_0, tr:0, type:'single', lstate:'', loop:false, play_txt:'&nbsp;&nbsp;&nbsp;&nbsp;&nbsp;', pause_txt:'&nbsp;&nbsp;&nbsp;&nbsp;&nbsp;', pp_title:'', autoplay:false, download:false, vol:76, height:'' };<\/script><\/code><\/p>\n<p><strong>Toinen jakso. <\/strong>Aksel Sandemose kehitti ns. tasap\u00e4ist\u00e4v\u00e4n Janten lain, jota koulu ja koti uusintavat tehokkaasti. Herkk\u00e4 kirjailija on t\u00e4ydellisin uhri t\u00e4lle laille.<\/p>\n<p><code><div id=\"mp3jWrap_1\" class=\"mjp-s-wrapper s-graphic unsel-mjp bigger2 gill-mjp\" style=\"font-size:14px;\"><span id=\"playpause_wrap_mp3j_1\" class=\"wrap_inline_mp3j\" style=\"font-weight:700;\"><span class=\"gfxbutton_mp3j play-mjp\" id=\"playpause_mp3j_1\" style=\"font-size:14px;\">&nbsp;&nbsp;&nbsp;&nbsp;&nbsp;<\/span>&nbsp;<span class=\"group_wrap\"><span class=\"bars_mp3j\"><span class=\"loadB_mp3j\" id=\"load_mp3j_1\"><\/span><span class=\"posbarB_mp3j\" id=\"posbar_mp3j_1\"><\/span><\/span><span class=\"T_mp3j\" id=\"T_mp3j_1\" style=\"font-size:14px;\">Vastaluenta_Sandemose_1<\/span><span class=\"indi_mp3j\" style=\"font-size:9.8px;\" id=\"statusMI_1\"><\/span><\/span><span class=\"vol_mp3j flipped\" id=\"vol_mp3j_1\"><\/span><\/span><\/div><span class=\"s-nosolution\" id=\"mp3j_nosolution_1\" style=\"display:none;\"><\/span><script>\nMP3jPLAYLISTS.inline_1 = [\n\t{ name: \"Vastaluenta_Sandemose_1\", formats: [\"mp3\"], mp3: \"aHR0cDovL3N0cmVhbS52YWRlbG1hLm9yZzo2MTk3NC9rb3JwcGlyYWRpby9WYXN0YWx1ZW50YV9TYW5kZW1vc2VfMS5tcDM=\", counterpart:\"\", artist: \"\", image: \"\", imgurl: \"\" }\n];\n<\/script>\n\n<script>MP3jPLAYERS[1] = { list: MP3jPLAYLISTS.inline_1, tr:0, type:'single', lstate:'', loop:false, play_txt:'&nbsp;&nbsp;&nbsp;&nbsp;&nbsp;', pause_txt:'&nbsp;&nbsp;&nbsp;&nbsp;&nbsp;', pp_title:'', autoplay:false, download:false, vol:76, height:'' };<\/script><\/code><\/p>\n<p><strong>Kolmas jakso. <\/strong>Jos\u00e9 Saramago:<\/p>\n<p><code><div id=\"mp3jWrap_2\" class=\"mjp-s-wrapper s-graphic unsel-mjp bigger2 gill-mjp\" style=\"font-size:14px;\"><span id=\"playpause_wrap_mp3j_2\" class=\"wrap_inline_mp3j\" style=\"font-weight:700;\"><span class=\"gfxbutton_mp3j play-mjp\" id=\"playpause_mp3j_2\" style=\"font-size:14px;\">&nbsp;&nbsp;&nbsp;&nbsp;&nbsp;<\/span>&nbsp;<span class=\"group_wrap\"><span class=\"bars_mp3j\"><span class=\"loadB_mp3j\" id=\"load_mp3j_2\"><\/span><span class=\"posbarB_mp3j\" id=\"posbar_mp3j_2\"><\/span><\/span><span class=\"T_mp3j\" id=\"T_mp3j_2\" style=\"font-size:14px;\">Vastaluenta_Saramago<\/span><span class=\"indi_mp3j\" style=\"font-size:9.8px;\" id=\"statusMI_2\"><\/span><\/span><span class=\"vol_mp3j flipped\" id=\"vol_mp3j_2\"><\/span><\/span><\/div><span class=\"s-nosolution\" id=\"mp3j_nosolution_2\" style=\"display:none;\"><\/span><script>\nMP3jPLAYLISTS.inline_2 = [\n\t{ name: \"Vastaluenta_Saramago\", formats: [\"mp3\"], mp3: \"aHR0cDovL3N0cmVhbS52YWRlbG1hLm9yZzo2MTk3NC9rb3JwcGlyYWRpby9WYXN0YWx1ZW50YV9TYXJhbWFnby5tcDM=\", counterpart:\"\", artist: \"\", image: \"\", imgurl: \"\" }\n];\n<\/script>\n\n<script>MP3jPLAYERS[2] = { list: MP3jPLAYLISTS.inline_2, tr:0, type:'single', lstate:'', loop:false, play_txt:'&nbsp;&nbsp;&nbsp;&nbsp;&nbsp;', pause_txt:'&nbsp;&nbsp;&nbsp;&nbsp;&nbsp;', pp_title:'', autoplay:false, download:false, vol:76, height:'' };<\/script><\/code><\/p>\n","protected":false},"excerpt":{"rendered":"<p>(loppunut) Vastaluenta-ohjelmassa luetaan kulttihuomion saaneita kotimaisia ja ulkomaisia yhteiskunnallisen kirjallisuuden klassikoita. Janten Laki ja tohtori Finckelmann ovat keinoja kyseenalaistaa ja tuoda n\u00e4kyv\u00e4ksi yhteis\u00f6n yksil\u00f6\u00f6n sosialisaation tai pelk\u00e4n vuorovaikutuksen kautta kohdistama v\u00e4kivalta, joka lopulta on valtaa. Vastaluennassa etsit\u00e4\u00e4n kriittis-yhteiskunnallisen kirjallisuuden lukijaa voimauttavaa, vallankumouksellista potentiaalia. Tekij\u00e4 Rita Dahl Nauhoitettuja jaksoja: Ensimm\u00e4inen jakso. Jorma Korpelan Tohtori Finckelmanin hahmo&hellip;<\/p>\n","protected":false},"author":1,"featured_media":0,"parent":0,"menu_order":18,"comment_status":"closed","ping_status":"closed","template":"","meta":{"footnotes":""},"class_list":["post-1539","page","type-page","status-publish","hentry"],"_links":{"self":[{"href":"https:\/\/www.vadelma.org\/korppiradio\/wp-json\/wp\/v2\/pages\/1539","targetHints":{"allow":["GET"]}}],"collection":[{"href":"https:\/\/www.vadelma.org\/korppiradio\/wp-json\/wp\/v2\/pages"}],"about":[{"href":"https:\/\/www.vadelma.org\/korppiradio\/wp-json\/wp\/v2\/types\/page"}],"author":[{"embeddable":true,"href":"https:\/\/www.vadelma.org\/korppiradio\/wp-json\/wp\/v2\/users\/1"}],"replies":[{"embeddable":true,"href":"https:\/\/www.vadelma.org\/korppiradio\/wp-json\/wp\/v2\/comments?post=1539"}],"version-history":[{"count":0,"href":"https:\/\/www.vadelma.org\/korppiradio\/wp-json\/wp\/v2\/pages\/1539\/revisions"}],"wp:attachment":[{"href":"https:\/\/www.vadelma.org\/korppiradio\/wp-json\/wp\/v2\/media?parent=1539"}],"curies":[{"name":"wp","href":"https:\/\/api.w.org\/{rel}","templated":true}]}}

<p><strong>(<em>loppunut</em>) Vastaluenta</strong>-ohjelmassa luetaan kulttihuomion saaneita kotimaisia ja ulkomaisia yhteiskunnallisen kirjallisuuden klassikoita. Janten Laki ja tohtori Finckelmann ovat keinoja kyseenalaistaa ja tuoda näkyväksi yhteisön yksilöön sosialisaation tai pelkän vuorovaikutuksen kautta kohdistama väkivalta, joka lopulta on valtaa. Vastaluennassa etsitään kriittis-yhteiskunnallisen kirjallisuuden lukijaa voimauttavaa, vallankumouksellista potentiaalia. Tekijä Rita Dahl</p>
<p><strong>Nauhoitettuja jaksoja:</strong></p>
<p><strong>Ensimmäinen jakso. </strong>Jorma Korpelan Tohtori Finckelmanin hahmo muistuttaa yllättävän paljon potilaitaan: hänenkin mielensä liikuu pohjalta huipulle. Onko Finkelmanin hahmo todellinen vai nuoren kunnianhimoisen maalaispojan mielen kuvitelma? (Lähetetty sunnuntaina 9.3.2014):</p>
<p><code><div id="mp3jWrap_0" class="mjp-s-wrapper s-graphic unsel-mjp bigger2 gill-mjp" style="font-size:14px;"><span id="playpause_wrap_mp3j_0" class="wrap_inline_mp3j" style="font-weight:700;"><span class="gfxbutton_mp3j play-mjp" id="playpause_mp3j_0" style="font-size:14px;">&nbsp;&nbsp;&nbsp;&nbsp;&nbsp;</span>&nbsp;<span class="group_wrap"><span class="bars_mp3j"><span class="loadB_mp3j" id="load_mp3j_0"></span><span class="posbarB_mp3j" id="posbar_mp3j_0"></span></span><span class="T_mp3j" id="T_mp3j_0" style="font-size:14px;">Vastaluenta_1</span><span class="indi_mp3j" style="font-size:9.8px;" id="statusMI_0"></span></span><span class="vol_mp3j flipped" id="vol_mp3j_0"></span></span></div><span class="s-nosolution" id="mp3j_nosolution_0" style="display:none;"></span><script>
MP3jPLAYLISTS.inline_0 = [
	{ name: "Vastaluenta_1", formats: ["mp3"], mp3: "aHR0cDovL3N0cmVhbS52YWRlbG1hLm9yZzo2MTk3NC9rb3JwcGlyYWRpby9WYXN0YWx1ZW50YV8xLm1wMw==", counterpart:"", artist: "", image: "", imgurl: "" }
];
</script>

<script>MP3jPLAYERS[0] = { list: MP3jPLAYLISTS.inline_0, tr:0, type:'single', lstate:'', loop:false, play_txt:'&nbsp;&nbsp;&nbsp;&nbsp;&nbsp;', pause_txt:'&nbsp;&nbsp;&nbsp;&nbsp;&nbsp;', pp_title:'', autoplay:false, download:false, vol:76, height:'' };</script></code></p>
<p><strong>Toinen jakso. </strong>Aksel Sandemose kehitti ns. tasapäistävän Janten lain, jota koulu ja koti uusintavat tehokkaasti. Herkkä kirjailija on täydellisin uhri tälle laille.</p>
<p><code><div id="mp3jWrap_1" class="mjp-s-wrapper s-graphic unsel-mjp bigger2 gill-mjp" style="font-size:14px;"><span id="playpause_wrap_mp3j_1" class="wrap_inline_mp3j" style="font-weight:700;"><span class="gfxbutton_mp3j play-mjp" id="playpause_mp3j_1" style="font-size:14px;">&nbsp;&nbsp;&nbsp;&nbsp;&nbsp;</span>&nbsp;<span class="group_wrap"><span class="bars_mp3j"><span class="loadB_mp3j" id="load_mp3j_1"></span><span class="posbarB_mp3j" id="posbar_mp3j_1"></span></span><span class="T_mp3j" id="T_mp3j_1" style="font-size:14px;">Vastaluenta_Sandemose_1</span><span class="indi_mp3j" style="font-size:9.8px;" id="statusMI_1"></span></span><span class="vol_mp3j flipped" id="vol_mp3j_1"></span></span></div><span class="s-nosolution" id="mp3j_nosolution_1" style="display:none;"></span><script>
MP3jPLAYLISTS.inline_1 = [
	{ name: "Vastaluenta_Sandemose_1", formats: ["mp3"], mp3: "aHR0cDovL3N0cmVhbS52YWRlbG1hLm9yZzo2MTk3NC9rb3JwcGlyYWRpby9WYXN0YWx1ZW50YV9TYW5kZW1vc2VfMS5tcDM=", counterpart:"", artist: "", image: "", imgurl: "" }
];
</script>

<script>MP3jPLAYERS[1] = { list: MP3jPLAYLISTS.inline_1, tr:0, type:'single', lstate:'', loop:false, play_txt:'&nbsp;&nbsp;&nbsp;&nbsp;&nbsp;', pause_txt:'&nbsp;&nbsp;&nbsp;&nbsp;&nbsp;', pp_title:'', autoplay:false, download:false, vol:76, height:'' };</script></code></p>
<p><strong>Kolmas jakso. </strong>José Saramago:</p>
<p><code><div id="mp3jWrap_2" class="mjp-s-wrapper s-graphic unsel-mjp bigger2 gill-mjp" style="font-size:14px;"><span id="playpause_wrap_mp3j_2" class="wrap_inline_mp3j" style="font-weight:700;"><span class="gfxbutton_mp3j play-mjp" id="playpause_mp3j_2" style="font-size:14px;">&nbsp;&nbsp;&nbsp;&nbsp;&nbsp;</span>&nbsp;<span class="group_wrap"><span class="bars_mp3j"><span class="loadB_mp3j" id="load_mp3j_2"></span><span class="posbarB_mp3j" id="posbar_mp3j_2"></span></span><span class="T_mp3j" id="T_mp3j_2" style="font-size:14px;">Vastaluenta_Saramago</span><span class="indi_mp3j" style="font-size:9.8px;" id="statusMI_2"></span></span><span class="vol_mp3j flipped" id="vol_mp3j_2"></span></span></div><span class="s-nosolution" id="mp3j_nosolution_2" style="display:none;"></span><script>
MP3jPLAYLISTS.inline_2 = [
	{ name: "Vastaluenta_Saramago", formats: ["mp3"], mp3: "aHR0cDovL3N0cmVhbS52YWRlbG1hLm9yZzo2MTk3NC9rb3JwcGlyYWRpby9WYXN0YWx1ZW50YV9TYXJhbWFnby5tcDM=", counterpart:"", artist: "", image: "", imgurl: "" }
];
</script>

<script>MP3jPLAYERS[2] = { list: MP3jPLAYLISTS.inline_2, tr:0, type:'single', lstate:'', loop:false, play_txt:'&nbsp;&nbsp;&nbsp;&nbsp;&nbsp;', pause_txt:'&nbsp;&nbsp;&nbsp;&nbsp;&nbsp;', pp_title:'', autoplay:false, download:false, vol:76, height:'' };</script></code></p>

<p>(loppunut) Vastaluenta-ohjelmassa luetaan kulttihuomion saaneita kotimaisia ja ulkomaisia yhteiskunnallisen kirjallisuuden klassikoita. Janten Laki ja tohtori Finckelmann ovat keinoja kyseenalaistaa ja tuoda näkyväksi yhteisön yksilöön sosialisaation tai pelkän vuorovaikutuksen kautta kohdistama väkivalta, joka lopulta on valtaa. Vastaluennassa etsitään kriittis-yhteiskunnallisen kirjallisuuden lukijaa voimauttavaa, vallankumouksellista potentiaalia. Tekijä Rita Dahl Nauhoitettuja jaksoja: Ensimmäinen jakso. Jorma Korpelan Tohtori Finckelmanin hahmo&hellip;</p>
