{"id":1866,"date":"2014-06-24T15:40:49","date_gmt":"2014-06-24T12:40:49","guid":{"rendered":"http:\/\/vadelma.org\/korppiradio\/?page_id=1866"},"modified":"2019-03-04T11:18:24","modified_gmt":"2019-03-04T09:18:24","slug":"pohjanoteeraus","status":"publish","type":"page","link":"https:\/\/www.vadelma.org\/korppiradio\/pohjanoteeraus\/","title":{"rendered":"Pohjanoteeraus"},"content":{"rendered":"<p><strong>(<em>loppunut<\/em>)<\/strong> <strong>Pohjanoteerauksessa tee-se-itse tekij\u00f6it\u00e4 eri kulttuurin alueilta studiossa<\/strong>. Keskustelua omaehtoisen kulttuurin tekemisest\u00e4, sek\u00e4 ohjelman vet\u00e4j\u00e4n valitsemaa ja vieraiden mukana tuomaa musiikkia. Tekij\u00e4n\u00e4 Teemu Tanner.<\/p>\n<p><strong>Pohjanoteeraus &#8211; jakso 1:<\/strong> pienlehdist\u00e4 ja musiikin julkaisusta.<\/p>\n<p><code><div id=\"mp3jWrap_0\" class=\"mjp-s-wrapper s-graphic unsel-mjp bigger2 gill-mjp\" style=\"font-size:14px;\"><span id=\"playpause_wrap_mp3j_0\" class=\"wrap_inline_mp3j\" style=\"font-weight:700;\"><span class=\"gfxbutton_mp3j play-mjp\" id=\"playpause_mp3j_0\" style=\"font-size:14px;\">&nbsp;&nbsp;&nbsp;&nbsp;&nbsp;<\/span>&nbsp;<span class=\"group_wrap\"><span class=\"bars_mp3j\"><span class=\"loadB_mp3j\" id=\"load_mp3j_0\"><\/span><span class=\"posbarB_mp3j\" id=\"posbar_mp3j_0\"><\/span><\/span><span class=\"T_mp3j\" id=\"T_mp3j_0\" style=\"font-size:14px;\">Pohjanoteeraus_1<\/span><span class=\"indi_mp3j\" style=\"font-size:9.8px;\" id=\"statusMI_0\"><\/span><\/span><span class=\"vol_mp3j flipped\" id=\"vol_mp3j_0\"><\/span><\/span><\/div><span class=\"s-nosolution\" id=\"mp3j_nosolution_0\" style=\"display:none;\"><\/span><script>\nMP3jPLAYLISTS.inline_0 = [\n\t{ name: \"Pohjanoteeraus_1\", formats: [\"mp3\"], mp3: \"aHR0cDovL3N0cmVhbS52YWRlbG1hLm9yZzo2MTk3NC9rb3JwcGlyYWRpby9Qb2hqYW5vdGVlcmF1c18xLm1wMw==\", counterpart:\"\", artist: \"\", image: \"\", imgurl: \"\" }\n];\n<\/script>\n\n<script>MP3jPLAYERS[0] = { list: MP3jPLAYLISTS.inline_0, tr:0, type:'single', lstate:'', loop:false, play_txt:'&nbsp;&nbsp;&nbsp;&nbsp;&nbsp;', pause_txt:'&nbsp;&nbsp;&nbsp;&nbsp;&nbsp;', pp_title:'', autoplay:false, download:false, vol:76, height:'' };<\/script><\/code><\/p>\n","protected":false},"excerpt":{"rendered":"<p>(loppunut) Pohjanoteerauksessa tee-se-itse tekij\u00f6it\u00e4 eri kulttuurin alueilta studiossa. Keskustelua omaehtoisen kulttuurin tekemisest\u00e4, sek\u00e4 ohjelman vet\u00e4j\u00e4n valitsemaa ja vieraiden mukana tuomaa musiikkia. Tekij\u00e4n\u00e4 Teemu Tanner. Pohjanoteeraus &#8211; jakso 1: pienlehdist\u00e4 ja musiikin julkaisusta.<\/p>\n","protected":false},"author":1,"featured_media":0,"parent":0,"menu_order":0,"comment_status":"closed","ping_status":"closed","template":"","meta":{"footnotes":""},"class_list":["post-1866","page","type-page","status-publish","hentry"],"_links":{"self":[{"href":"https:\/\/www.vadelma.org\/korppiradio\/wp-json\/wp\/v2\/pages\/1866","targetHints":{"allow":["GET"]}}],"collection":[{"href":"https:\/\/www.vadelma.org\/korppiradio\/wp-json\/wp\/v2\/pages"}],"about":[{"href":"https:\/\/www.vadelma.org\/korppiradio\/wp-json\/wp\/v2\/types\/page"}],"author":[{"embeddable":true,"href":"https:\/\/www.vadelma.org\/korppiradio\/wp-json\/wp\/v2\/users\/1"}],"replies":[{"embeddable":true,"href":"https:\/\/www.vadelma.org\/korppiradio\/wp-json\/wp\/v2\/comments?post=1866"}],"version-history":[{"count":0,"href":"https:\/\/www.vadelma.org\/korppiradio\/wp-json\/wp\/v2\/pages\/1866\/revisions"}],"wp:attachment":[{"href":"https:\/\/www.vadelma.org\/korppiradio\/wp-json\/wp\/v2\/media?parent=1866"}],"curies":[{"name":"wp","href":"https:\/\/api.w.org\/{rel}","templated":true}]}}