{"id":2293,"date":"2015-02-19T23:56:17","date_gmt":"2015-02-19T21:56:17","guid":{"rendered":"http:\/\/vadelma.org\/korppiradio\/?page_id=2293"},"modified":"2019-03-04T11:06:17","modified_gmt":"2019-03-04T09:06:17","slug":"vapaayliopisto","status":"publish","type":"page","link":"https:\/\/www.vadelma.org\/korppiradio\/vapaayliopisto\/","title":{"rendered":"Vapaa Yliopisto"},"content":{"rendered":"<p><strong>(<em>loppunut<\/em>) Vapaa Yliopisto<\/strong> on omaehtoisen ja riippumattoman tutkimuksen sek\u00e4 vertaisoppimisen ep\u00e4instituutio. Sen piiriss\u00e4 j\u00e4rjestet\u00e4\u00e4n paljon erilaisia vapaita keskusteluja, luentoja, v\u00e4ittelyit\u00e4 jne. Niist\u00e4 osa tulee suorina Korppiradion streamista ja nauhoituksina t\u00e4lle sivulle.<\/p>\n<p>Nauhoituksia:<\/p>\n<p><strong>Vapaa Yliopisto &#8211; Ven\u00e4j\u00e4-ryhm\u00e4n keskustelu : feminismi Ven\u00e4j\u00e4ll\u00e4.<br \/>\n<\/strong><\/p>\n<p><code><div id=\"mp3jWrap_0\" class=\"mjp-s-wrapper s-graphic unsel-mjp bigger2 gill-mjp\" style=\"font-size:14px;\"><span id=\"playpause_wrap_mp3j_0\" class=\"wrap_inline_mp3j\" style=\"font-weight:700;\"><span class=\"gfxbutton_mp3j play-mjp\" id=\"playpause_mp3j_0\" style=\"font-size:14px;\">&nbsp;&nbsp;&nbsp;&nbsp;&nbsp;<\/span>&nbsp;<span class=\"group_wrap\"><span class=\"bars_mp3j\"><span class=\"loadB_mp3j\" id=\"load_mp3j_0\"><\/span><span class=\"posbarB_mp3j\" id=\"posbar_mp3j_0\"><\/span><\/span><span class=\"T_mp3j\" id=\"T_mp3j_0\" style=\"font-size:14px;\">vapaayliopisto_feminismi_venajalla<\/span><span class=\"indi_mp3j\" style=\"font-size:9.8px;\" id=\"statusMI_0\"><\/span><\/span><span class=\"vol_mp3j flipped\" id=\"vol_mp3j_0\"><\/span><\/span><\/div><span class=\"s-nosolution\" id=\"mp3j_nosolution_0\" style=\"display:none;\"><\/span><script>\nMP3jPLAYLISTS.inline_0 = [\n\t{ name: \"vapaayliopisto_feminismi_venajalla\", formats: [\"mp3\"], mp3: \"aHR0cDovL3N0cmVhbS52YWRlbG1hLm9yZzo2MTk3NC9rb3JwcGlyYWRpby92YXBhYXlsaW9waXN0b19mZW1pbmlzbWlfdmVuYWphbGxhLm1wMw==\", counterpart:\"\", artist: \"\", image: \"\", imgurl: \"\" }\n];\n<\/script>\n\n<script>MP3jPLAYERS[0] = { list: MP3jPLAYLISTS.inline_0, tr:0, type:'single', lstate:'', loop:false, play_txt:'&nbsp;&nbsp;&nbsp;&nbsp;&nbsp;', pause_txt:'&nbsp;&nbsp;&nbsp;&nbsp;&nbsp;', pp_title:'', autoplay:false, download:false, vol:76, height:'' };<\/script><\/code><\/p>\n<p><strong>Vapaa Yliopisto &#8211; Ven\u00e4j\u00e4-ryhm\u00e4 : Onko poliittinen muutos mahdollinen?<\/strong><\/p>\n<p><code><div id=\"mp3jWrap_1\" class=\"mjp-s-wrapper s-graphic unsel-mjp bigger2 gill-mjp\" style=\"font-size:14px;\"><span id=\"playpause_wrap_mp3j_1\" class=\"wrap_inline_mp3j\" style=\"font-weight:700;\"><span class=\"gfxbutton_mp3j play-mjp\" id=\"playpause_mp3j_1\" style=\"font-size:14px;\">&nbsp;&nbsp;&nbsp;&nbsp;&nbsp;<\/span>&nbsp;<span class=\"group_wrap\"><span class=\"bars_mp3j\"><span class=\"loadB_mp3j\" id=\"load_mp3j_1\"><\/span><span class=\"posbarB_mp3j\" id=\"posbar_mp3j_1\"><\/span><\/span><span class=\"T_mp3j\" id=\"T_mp3j_1\" style=\"font-size:14px;\">vapaayliopisto_venaja1<\/span><span class=\"indi_mp3j\" style=\"font-size:9.8px;\" id=\"statusMI_1\"><\/span><\/span><span class=\"vol_mp3j flipped\" id=\"vol_mp3j_1\"><\/span><\/span><\/div><span class=\"s-nosolution\" id=\"mp3j_nosolution_1\" style=\"display:none;\"><\/span><script>\nMP3jPLAYLISTS.inline_1 = [\n\t{ name: \"vapaayliopisto_venaja1\", formats: [\"mp3\"], mp3: \"aHR0cDovL3N0cmVhbS52YWRlbG1hLm9yZzo2MTk3NC9rb3JwcGlyYWRpby92YXBhYXlsaW9waXN0b192ZW5hamExLm1wMw==\", counterpart:\"\", artist: \"\", image: \"\", imgurl: \"\" }\n];\n<\/script>\n\n<script>MP3jPLAYERS[1] = { list: MP3jPLAYLISTS.inline_1, tr:0, type:'single', lstate:'', loop:false, play_txt:'&nbsp;&nbsp;&nbsp;&nbsp;&nbsp;', pause_txt:'&nbsp;&nbsp;&nbsp;&nbsp;&nbsp;', pp_title:'', autoplay:false, download:false, vol:76, height:'' };<\/script><\/code><\/p>\n","protected":false},"excerpt":{"rendered":"<p>(loppunut) Vapaa Yliopisto on omaehtoisen ja riippumattoman tutkimuksen sek\u00e4 vertaisoppimisen ep\u00e4instituutio. Sen piiriss\u00e4 j\u00e4rjestet\u00e4\u00e4n paljon erilaisia vapaita keskusteluja, luentoja, v\u00e4ittelyit\u00e4 jne. Niist\u00e4 osa tulee suorina Korppiradion streamista ja nauhoituksina t\u00e4lle sivulle. Nauhoituksia: Vapaa Yliopisto &#8211; Ven\u00e4j\u00e4-ryhm\u00e4n keskustelu : feminismi Ven\u00e4j\u00e4ll\u00e4. Vapaa Yliopisto &#8211; Ven\u00e4j\u00e4-ryhm\u00e4 : Onko poliittinen muutos mahdollinen?<\/p>\n","protected":false},"author":1,"featured_media":0,"parent":0,"menu_order":0,"comment_status":"closed","ping_status":"closed","template":"","meta":{"footnotes":""},"class_list":["post-2293","page","type-page","status-publish","hentry"],"_links":{"self":[{"href":"https:\/\/www.vadelma.org\/korppiradio\/wp-json\/wp\/v2\/pages\/2293","targetHints":{"allow":["GET"]}}],"collection":[{"href":"https:\/\/www.vadelma.org\/korppiradio\/wp-json\/wp\/v2\/pages"}],"about":[{"href":"https:\/\/www.vadelma.org\/korppiradio\/wp-json\/wp\/v2\/types\/page"}],"author":[{"embeddable":true,"href":"https:\/\/www.vadelma.org\/korppiradio\/wp-json\/wp\/v2\/users\/1"}],"replies":[{"embeddable":true,"href":"https:\/\/www.vadelma.org\/korppiradio\/wp-json\/wp\/v2\/comments?post=2293"}],"version-history":[{"count":0,"href":"https:\/\/www.vadelma.org\/korppiradio\/wp-json\/wp\/v2\/pages\/2293\/revisions"}],"wp:attachment":[{"href":"https:\/\/www.vadelma.org\/korppiradio\/wp-json\/wp\/v2\/media?parent=2293"}],"curies":[{"name":"wp","href":"https:\/\/api.w.org\/{rel}","templated":true}]}}