{"id":2549,"date":"2015-04-19T14:54:54","date_gmt":"2015-04-19T11:54:54","guid":{"rendered":"http:\/\/vadelma.org\/korppiradio\/?page_id=2549"},"modified":"2019-03-04T11:32:30","modified_gmt":"2019-03-04T09:32:30","slug":"iltapolitiikkaa","status":"publish","type":"page","link":"https:\/\/www.vadelma.org\/korppiradio\/iltapolitiikkaa\/","title":{"rendered":"Iltapolitiikkaa"},"content":{"rendered":"<p><strong>(<em>tauolla<\/em>) Iltapolitiikka<\/strong> on Kammarin ty\u00f6ryhm\u00e4n tekem\u00e4 poliittisen keskustelun tila jossa yritet\u00e4\u00e4n kriittisesti ymm\u00e4rt\u00e4\u00e4 yhteisten asioidemme hoidon luonnetta ja ongelmia \u2013 yhdess\u00e4 poliitikkojen kanssa. Kaikki l\u00e4sn\u00e4olijat osallistuvat tasa-arvoisina keskusteluun. Kyseess\u00e4 ei siis ole paneelitilaisuus, vaan tila jossa yhdess\u00e4, avoimesti, pelottomasti ja h\u00e4pe\u00e4m\u00e4tt\u00f6m\u00e4sti pyrimme selkeytt\u00e4m\u00e4\u00e4n ymm\u00e4rryst\u00e4mme poliittisesta kulttuuristamme ja osallisuudestamme siihen.<\/p>\n<p>&nbsp;<\/p>\n<p><strong>Nauhoituksia:<\/strong><\/p>\n<p>&nbsp;<\/p>\n<p><strong>14.4.2015 &#8211; Kammari Helsinki tilassa tiistaina&nbsp; klo. 18-20, aiheena edustuksellinen politiikka, keskusteluun osallistuu kansanedustajaehdokkaat Thomas Wallgren ja Kai Sadinmaa.<\/strong><\/p>\n<p><code><div id=\"mp3jWrap_0\" class=\"mjp-s-wrapper s-graphic unsel-mjp smaller2 gill-mjp\" style=\"font-size:14px;\"><span id=\"playpause_wrap_mp3j_0\" class=\"wrap_inline_mp3j\" style=\"font-weight:700;\"><span class=\"gfxbutton_mp3j play-mjp\" id=\"playpause_mp3j_0\" style=\"font-size:14px;\">&nbsp;&nbsp;&nbsp;&nbsp;&nbsp;<\/span>&nbsp;<span class=\"group_wrap\"><span class=\"bars_mp3j\"><span class=\"loadB_mp3j\" id=\"load_mp3j_0\"><\/span><span class=\"posbarB_mp3j\" id=\"posbar_mp3j_0\"><\/span><\/span><span class=\"T_mp3j\" id=\"T_mp3j_0\" style=\"font-size:14px;\">Iltapolitiikkaa: Edustuksellisuuden ongelmat<\/span><span class=\"indi_mp3j\" style=\"font-size:9.8px;\" id=\"statusMI_0\"><\/span><\/span><span class=\"vol_mp3j flipped\" id=\"vol_mp3j_0\"><\/span><\/span><\/div><span class=\"s-nosolution\" id=\"mp3j_nosolution_0\" style=\"display:none;\"><\/span><script>\nMP3jPLAYLISTS.inline_0 = [\n\t{ name: \"iltapolitiikkaa_1\", formats: [\"mp3\"], mp3: \"aHR0cDovL3N0cmVhbS52YWRlbG1hLm9yZzo2MTk3NC9rb3JwcGlyYWRpby9pbHRhcG9saXRpaWtrYWFfMS5tcDM=\", counterpart:\"\", artist: \"\", image: \"\", imgurl: \"\" }\n];\n<\/script>\n\n<script>MP3jPLAYERS[0] = { list: MP3jPLAYLISTS.inline_0, tr:0, type:'single', lstate:'', loop:false, play_txt:'&nbsp;&nbsp;&nbsp;&nbsp;&nbsp;', pause_txt:'&nbsp;&nbsp;&nbsp;&nbsp;&nbsp;', pp_title:'', autoplay:false, download:false, vol:76, height:'' };<\/script><\/code><\/p>\n","protected":false},"excerpt":{"rendered":"<p>(tauolla) Iltapolitiikka on Kammarin ty\u00f6ryhm\u00e4n tekem\u00e4 poliittisen keskustelun tila jossa yritet\u00e4\u00e4n kriittisesti ymm\u00e4rt\u00e4\u00e4 yhteisten asioidemme hoidon luonnetta ja ongelmia \u2013 yhdess\u00e4 poliitikkojen kanssa. Kaikki l\u00e4sn\u00e4olijat osallistuvat tasa-arvoisina keskusteluun. Kyseess\u00e4 ei siis ole paneelitilaisuus, vaan tila jossa yhdess\u00e4, avoimesti, pelottomasti ja h\u00e4pe\u00e4m\u00e4tt\u00f6m\u00e4sti pyrimme selkeytt\u00e4m\u00e4\u00e4n ymm\u00e4rryst\u00e4mme poliittisesta kulttuuristamme ja osallisuudestamme siihen. &nbsp; Nauhoituksia: &nbsp; 14.4.2015 &#8211; Kammari&hellip;<\/p>\n","protected":false},"author":1,"featured_media":0,"parent":0,"menu_order":0,"comment_status":"closed","ping_status":"closed","template":"","meta":{"footnotes":""},"class_list":["post-2549","page","type-page","status-publish","hentry"],"_links":{"self":[{"href":"https:\/\/www.vadelma.org\/korppiradio\/wp-json\/wp\/v2\/pages\/2549","targetHints":{"allow":["GET"]}}],"collection":[{"href":"https:\/\/www.vadelma.org\/korppiradio\/wp-json\/wp\/v2\/pages"}],"about":[{"href":"https:\/\/www.vadelma.org\/korppiradio\/wp-json\/wp\/v2\/types\/page"}],"author":[{"embeddable":true,"href":"https:\/\/www.vadelma.org\/korppiradio\/wp-json\/wp\/v2\/users\/1"}],"replies":[{"embeddable":true,"href":"https:\/\/www.vadelma.org\/korppiradio\/wp-json\/wp\/v2\/comments?post=2549"}],"version-history":[{"count":0,"href":"https:\/\/www.vadelma.org\/korppiradio\/wp-json\/wp\/v2\/pages\/2549\/revisions"}],"wp:attachment":[{"href":"https:\/\/www.vadelma.org\/korppiradio\/wp-json\/wp\/v2\/media?parent=2549"}],"curies":[{"name":"wp","href":"https:\/\/api.w.org\/{rel}","templated":true}]}}

<p><strong>(<em>tauolla</em>) Iltapolitiikka</strong> on Kammarin työryhmän tekemä poliittisen keskustelun tila jossa yritetään kriittisesti ymmärtää yhteisten asioidemme hoidon luonnetta ja ongelmia – yhdessä poliitikkojen kanssa. Kaikki läsnäolijat osallistuvat tasa-arvoisina keskusteluun. Kyseessä ei siis ole paneelitilaisuus, vaan tila jossa yhdessä, avoimesti, pelottomasti ja häpeämättömästi pyrimme selkeyttämään ymmärrystämme poliittisesta kulttuuristamme ja osallisuudestamme siihen.</p>
<p>&nbsp;</p>
<p><strong>Nauhoituksia:</strong></p>
<p>&nbsp;</p>
<p><strong>14.4.2015 &#8211; Kammari Helsinki tilassa tiistaina&nbsp; klo. 18-20, aiheena edustuksellinen politiikka, keskusteluun osallistuu kansanedustajaehdokkaat Thomas Wallgren ja Kai Sadinmaa.</strong></p>
<p><code><div id="mp3jWrap_0" class="mjp-s-wrapper s-graphic unsel-mjp smaller2 gill-mjp" style="font-size:14px;"><span id="playpause_wrap_mp3j_0" class="wrap_inline_mp3j" style="font-weight:700;"><span class="gfxbutton_mp3j play-mjp" id="playpause_mp3j_0" style="font-size:14px;">&nbsp;&nbsp;&nbsp;&nbsp;&nbsp;</span>&nbsp;<span class="group_wrap"><span class="bars_mp3j"><span class="loadB_mp3j" id="load_mp3j_0"></span><span class="posbarB_mp3j" id="posbar_mp3j_0"></span></span><span class="T_mp3j" id="T_mp3j_0" style="font-size:14px;">Iltapolitiikkaa: Edustuksellisuuden ongelmat</span><span class="indi_mp3j" style="font-size:9.8px;" id="statusMI_0"></span></span><span class="vol_mp3j flipped" id="vol_mp3j_0"></span></span></div><span class="s-nosolution" id="mp3j_nosolution_0" style="display:none;"></span><script>
MP3jPLAYLISTS.inline_0 = [
	{ name: "iltapolitiikkaa_1", formats: ["mp3"], mp3: "aHR0cDovL3N0cmVhbS52YWRlbG1hLm9yZzo2MTk3NC9rb3JwcGlyYWRpby9pbHRhcG9saXRpaWtrYWFfMS5tcDM=", counterpart:"", artist: "", image: "", imgurl: "" }
];
</script>

<script>MP3jPLAYERS[0] = { list: MP3jPLAYLISTS.inline_0, tr:0, type:'single', lstate:'', loop:false, play_txt:'&nbsp;&nbsp;&nbsp;&nbsp;&nbsp;', pause_txt:'&nbsp;&nbsp;&nbsp;&nbsp;&nbsp;', pp_title:'', autoplay:false, download:false, vol:76, height:'' };</script></code></p>

<p>(tauolla) Iltapolitiikka on Kammarin työryhmän tekemä poliittisen keskustelun tila jossa yritetään kriittisesti ymmärtää yhteisten asioidemme hoidon luonnetta ja ongelmia – yhdessä poliitikkojen kanssa. Kaikki läsnäolijat osallistuvat tasa-arvoisina keskusteluun. Kyseessä ei siis ole paneelitilaisuus, vaan tila jossa yhdessä, avoimesti, pelottomasti ja häpeämättömästi pyrimme selkeyttämään ymmärrystämme poliittisesta kulttuuristamme ja osallisuudestamme siihen. &nbsp; Nauhoituksia: &nbsp; 14.4.2015 &#8211; Kammari&hellip;</p>
