{"id":59,"date":"2013-10-11T13:15:04","date_gmt":"2013-10-11T11:15:04","guid":{"rendered":"http:\/\/korppiradio.wordpress.com\/?page_id=59"},"modified":"2019-03-04T10:58:29","modified_gmt":"2019-03-04T08:58:29","slug":"julkisen-sanan-neuvosto","status":"publish","type":"page","link":"https:\/\/www.vadelma.org\/korppiradio\/julkisen-sanan-neuvosto\/","title":{"rendered":"Julkisen Sanan Neuvosto"},"content":{"rendered":"<p><strong>(<em>tauolla<\/em>) Julkisen Sanan Neuvostossa <\/strong>kravaatti kire\u00e4ll\u00e4 keskustelua vieraiden kanssa ajankohtaisista arkipolitiisista kipupisteist\u00e4 ja syist\u00e4 niiden takana. Olemme paskiaisia, mit\u00e4 on teht\u00e4viss\u00e4? Keskusteluun voi osallistua ohjelman aikana raakkulaatikon kautta. Tekij\u00f6in\u00e4 Sakari Laurila ja Korppiradion toimituskunta, sek\u00e4 vaihtuvat vieraat. Tekij\u00e4: Sakari Laurila ja vaihtuvat vieraat.<\/p>\n<p>&nbsp;<\/p>\n<p><strong>Nauhoitetut jaksot:<\/strong><code><\/code><code><\/code><\/p>\n<p><strong>Kolmas jakso.<\/strong> P\u00e4\u00e4aiheena k\u00e4upunkimetsien puolustus, sek\u00e4 yhteiskunnan ja yksil\u00f6n v\u00e4liset psykologiset siteet. Vieraina Sophia Ehrnrooth ja vakiovieras Jouko K\u00e4m\u00e4r\u00e4inen. Kesto n. 2,5 h:<\/p>\n<p><code><div id=\"mp3jWrap_0\" class=\"mjp-s-wrapper s-graphic unsel-mjp bigger2 gill-mjp\" style=\"font-size:14px;\"><span id=\"playpause_wrap_mp3j_0\" class=\"wrap_inline_mp3j\" style=\"font-weight:700;\"><span class=\"gfxbutton_mp3j play-mjp\" id=\"playpause_mp3j_0\" style=\"font-size:14px;\">&nbsp;&nbsp;&nbsp;&nbsp;&nbsp;<\/span>&nbsp;<span class=\"group_wrap\"><span class=\"bars_mp3j\"><span class=\"loadB_mp3j\" id=\"load_mp3j_0\"><\/span><span class=\"posbarB_mp3j\" id=\"posbar_mp3j_0\"><\/span><\/span><span class=\"T_mp3j\" id=\"T_mp3j_0\" style=\"font-size:14px;\">JulkisenSananNeuvosto_3<\/span><span class=\"indi_mp3j\" style=\"font-size:9.8px;\" id=\"statusMI_0\"><\/span><\/span><span class=\"vol_mp3j flipped\" id=\"vol_mp3j_0\"><\/span><\/span><\/div><span class=\"s-nosolution\" id=\"mp3j_nosolution_0\" style=\"display:none;\"><\/span><script>\nMP3jPLAYLISTS.inline_0 = [\n\t{ name: \"JulkisenSananNeuvosto_3\", formats: [\"mp3\"], mp3: \"aHR0cDovL3N0cmVhbS52YWRlbG1hLm9yZzo2MTk3NC9rb3JwcGlyYWRpby9KdWxraXNlblNhbmFuTmV1dm9zdG9fMy5tcDM=\", counterpart:\"\", artist: \"\", image: \"\", imgurl: \"\" }\n];\n<\/script>\n\n<script>MP3jPLAYERS[0] = { list: MP3jPLAYLISTS.inline_0, tr:0, type:'single', lstate:'', loop:false, play_txt:'&nbsp;&nbsp;&nbsp;&nbsp;&nbsp;', pause_txt:'&nbsp;&nbsp;&nbsp;&nbsp;&nbsp;', pp_title:'', autoplay:false, download:false, vol:76, height:'' };<\/script><\/code><\/p>\n<p><strong>Toinen jakso.<\/strong> P\u00e4\u00e4aiheina median kaupallisuus, median v\u00e4kivaltaisuus, sek\u00e4 kiakkovierasjuhlat. Sivutaan my\u00f6s uutta USA:n ja EU:n vapaakauppasopimusta. Vieraana Riia ja Marissa. Kesto n. 2,5 h:<\/p>\n<p><code><div id=\"mp3jWrap_1\" class=\"mjp-s-wrapper s-graphic unsel-mjp bigger2 gill-mjp\" style=\"font-size:14px;\"><span id=\"playpause_wrap_mp3j_1\" class=\"wrap_inline_mp3j\" style=\"font-weight:700;\"><span class=\"gfxbutton_mp3j play-mjp\" id=\"playpause_mp3j_1\" style=\"font-size:14px;\">&nbsp;&nbsp;&nbsp;&nbsp;&nbsp;<\/span>&nbsp;<span class=\"group_wrap\"><span class=\"bars_mp3j\"><span class=\"loadB_mp3j\" id=\"load_mp3j_1\"><\/span><span class=\"posbarB_mp3j\" id=\"posbar_mp3j_1\"><\/span><\/span><span class=\"T_mp3j\" id=\"T_mp3j_1\" style=\"font-size:14px;\">JulkisenSananNeuvosto_2<\/span><span class=\"indi_mp3j\" style=\"font-size:9.8px;\" id=\"statusMI_1\"><\/span><\/span><span class=\"vol_mp3j flipped\" id=\"vol_mp3j_1\"><\/span><\/span><\/div><span class=\"s-nosolution\" id=\"mp3j_nosolution_1\" style=\"display:none;\"><\/span><script>\nMP3jPLAYLISTS.inline_1 = [\n\t{ name: \"JulkisenSananNeuvosto_2\", formats: [\"mp3\"], mp3: \"aHR0cDovL3N0cmVhbS52YWRlbG1hLm9yZzo2MTk3NC9rb3JwcGlyYWRpby9KdWxraXNlblNhbmFuTmV1dm9zdG9fMi5tcDM=\", counterpart:\"\", artist: \"\", image: \"\", imgurl: \"\" }\n];\n<\/script>\n\n<script>MP3jPLAYERS[1] = { list: MP3jPLAYLISTS.inline_1, tr:0, type:'single', lstate:'', loop:false, play_txt:'&nbsp;&nbsp;&nbsp;&nbsp;&nbsp;', pause_txt:'&nbsp;&nbsp;&nbsp;&nbsp;&nbsp;', pp_title:'', autoplay:false, download:false, vol:76, height:'' };<\/script><\/code><\/p>\n<p><strong>Ensimm\u00e4inen jakso.<\/strong> P\u00e4\u00e4aiheina median ilmi\u00f6t, v\u00e4kivalta ja itsen\u00e4isyys. Vieraana Jouko K\u00e4m\u00e4r\u00e4inen. Kesto n. 3 h:<\/p>\n<p><code><div id=\"mp3jWrap_2\" class=\"mjp-s-wrapper s-graphic unsel-mjp bigger2 gill-mjp\" style=\"font-size:14px;\"><span id=\"playpause_wrap_mp3j_2\" class=\"wrap_inline_mp3j\" style=\"font-weight:700;\"><span class=\"gfxbutton_mp3j play-mjp\" id=\"playpause_mp3j_2\" style=\"font-size:14px;\">&nbsp;&nbsp;&nbsp;&nbsp;&nbsp;<\/span>&nbsp;<span class=\"group_wrap\"><span class=\"bars_mp3j\"><span class=\"loadB_mp3j\" id=\"load_mp3j_2\"><\/span><span class=\"posbarB_mp3j\" id=\"posbar_mp3j_2\"><\/span><\/span><span class=\"T_mp3j\" id=\"T_mp3j_2\" style=\"font-size:14px;\">JulkisenSananNeuvosto_1<\/span><span class=\"indi_mp3j\" style=\"font-size:9.8px;\" id=\"statusMI_2\"><\/span><\/span><span class=\"vol_mp3j flipped\" id=\"vol_mp3j_2\"><\/span><\/span><\/div><span class=\"s-nosolution\" id=\"mp3j_nosolution_2\" style=\"display:none;\"><\/span><script>\nMP3jPLAYLISTS.inline_2 = [\n\t{ name: \"JulkisenSananNeuvosto_1\", formats: [\"mp3\"], mp3: \"aHR0cDovL3N0cmVhbS52YWRlbG1hLm9yZzo2MTk3NC9rb3JwcGlyYWRpby9KdWxraXNlblNhbmFuTmV1dm9zdG9fMS5tcDM=\", counterpart:\"\", artist: \"\", image: \"\", imgurl: \"\" }\n];\n<\/script>\n\n<script>MP3jPLAYERS[2] = { list: MP3jPLAYLISTS.inline_2, tr:0, type:'single', lstate:'', loop:false, play_txt:'&nbsp;&nbsp;&nbsp;&nbsp;&nbsp;', pause_txt:'&nbsp;&nbsp;&nbsp;&nbsp;&nbsp;', pp_title:'', autoplay:false, download:false, vol:76, height:'' };<\/script><\/code><\/p>\n<p><code><\/code><\/p>\n<p><code><\/code><\/p>\n<p>&nbsp;<\/p>\n<p>&nbsp;<\/p>\n","protected":false},"excerpt":{"rendered":"<p>(tauolla) Julkisen Sanan Neuvostossa kravaatti kire\u00e4ll\u00e4 keskustelua vieraiden kanssa ajankohtaisista arkipolitiisista kipupisteist\u00e4 ja syist\u00e4 niiden takana. Olemme paskiaisia, mit\u00e4 on teht\u00e4viss\u00e4? Keskusteluun voi osallistua ohjelman aikana raakkulaatikon kautta. Tekij\u00f6in\u00e4 Sakari Laurila ja Korppiradion toimituskunta, sek\u00e4 vaihtuvat vieraat. Tekij\u00e4: Sakari Laurila ja vaihtuvat vieraat. &nbsp; Nauhoitetut jaksot: Kolmas jakso. P\u00e4\u00e4aiheena k\u00e4upunkimetsien puolustus, sek\u00e4 yhteiskunnan ja yksil\u00f6n&hellip;<\/p>\n","protected":false},"author":4,"featured_media":0,"parent":0,"menu_order":7,"comment_status":"closed","ping_status":"closed","template":"","meta":{"footnotes":""},"class_list":["post-59","page","type-page","status-publish","hentry"],"_links":{"self":[{"href":"https:\/\/www.vadelma.org\/korppiradio\/wp-json\/wp\/v2\/pages\/59","targetHints":{"allow":["GET"]}}],"collection":[{"href":"https:\/\/www.vadelma.org\/korppiradio\/wp-json\/wp\/v2\/pages"}],"about":[{"href":"https:\/\/www.vadelma.org\/korppiradio\/wp-json\/wp\/v2\/types\/page"}],"author":[{"embeddable":true,"href":"https:\/\/www.vadelma.org\/korppiradio\/wp-json\/wp\/v2\/users\/4"}],"replies":[{"embeddable":true,"href":"https:\/\/www.vadelma.org\/korppiradio\/wp-json\/wp\/v2\/comments?post=59"}],"version-history":[{"count":0,"href":"https:\/\/www.vadelma.org\/korppiradio\/wp-json\/wp\/v2\/pages\/59\/revisions"}],"wp:attachment":[{"href":"https:\/\/www.vadelma.org\/korppiradio\/wp-json\/wp\/v2\/media?parent=59"}],"curies":[{"name":"wp","href":"https:\/\/api.w.org\/{rel}","templated":true}]}}

<p><strong>(<em>tauolla</em>) Julkisen Sanan Neuvostossa </strong>kravaatti kireällä keskustelua vieraiden kanssa ajankohtaisista arkipolitiisista kipupisteistä ja syistä niiden takana. Olemme paskiaisia, mitä on tehtävissä? Keskusteluun voi osallistua ohjelman aikana raakkulaatikon kautta. Tekijöinä Sakari Laurila ja Korppiradion toimituskunta, sekä vaihtuvat vieraat. Tekijä: Sakari Laurila ja vaihtuvat vieraat.</p>
<p>&nbsp;</p>
<p><strong>Nauhoitetut jaksot:</strong><code></code><code></code></p>
<p><strong>Kolmas jakso.</strong> Pääaiheena käupunkimetsien puolustus, sekä yhteiskunnan ja yksilön väliset psykologiset siteet. Vieraina Sophia Ehrnrooth ja vakiovieras Jouko Kämäräinen. Kesto n. 2,5 h:</p>
<p><code><div id="mp3jWrap_0" class="mjp-s-wrapper s-graphic unsel-mjp bigger2 gill-mjp" style="font-size:14px;"><span id="playpause_wrap_mp3j_0" class="wrap_inline_mp3j" style="font-weight:700;"><span class="gfxbutton_mp3j play-mjp" id="playpause_mp3j_0" style="font-size:14px;">&nbsp;&nbsp;&nbsp;&nbsp;&nbsp;</span>&nbsp;<span class="group_wrap"><span class="bars_mp3j"><span class="loadB_mp3j" id="load_mp3j_0"></span><span class="posbarB_mp3j" id="posbar_mp3j_0"></span></span><span class="T_mp3j" id="T_mp3j_0" style="font-size:14px;">JulkisenSananNeuvosto_3</span><span class="indi_mp3j" style="font-size:9.8px;" id="statusMI_0"></span></span><span class="vol_mp3j flipped" id="vol_mp3j_0"></span></span></div><span class="s-nosolution" id="mp3j_nosolution_0" style="display:none;"></span><script>
MP3jPLAYLISTS.inline_0 = [
	{ name: "JulkisenSananNeuvosto_3", formats: ["mp3"], mp3: "aHR0cDovL3N0cmVhbS52YWRlbG1hLm9yZzo2MTk3NC9rb3JwcGlyYWRpby9KdWxraXNlblNhbmFuTmV1dm9zdG9fMy5tcDM=", counterpart:"", artist: "", image: "", imgurl: "" }
];
</script>

<script>MP3jPLAYERS[0] = { list: MP3jPLAYLISTS.inline_0, tr:0, type:'single', lstate:'', loop:false, play_txt:'&nbsp;&nbsp;&nbsp;&nbsp;&nbsp;', pause_txt:'&nbsp;&nbsp;&nbsp;&nbsp;&nbsp;', pp_title:'', autoplay:false, download:false, vol:76, height:'' };</script></code></p>
<p><strong>Toinen jakso.</strong> Pääaiheina median kaupallisuus, median väkivaltaisuus, sekä kiakkovierasjuhlat. Sivutaan myös uutta USA:n ja EU:n vapaakauppasopimusta. Vieraana Riia ja Marissa. Kesto n. 2,5 h:</p>
<p><code><div id="mp3jWrap_1" class="mjp-s-wrapper s-graphic unsel-mjp bigger2 gill-mjp" style="font-size:14px;"><span id="playpause_wrap_mp3j_1" class="wrap_inline_mp3j" style="font-weight:700;"><span class="gfxbutton_mp3j play-mjp" id="playpause_mp3j_1" style="font-size:14px;">&nbsp;&nbsp;&nbsp;&nbsp;&nbsp;</span>&nbsp;<span class="group_wrap"><span class="bars_mp3j"><span class="loadB_mp3j" id="load_mp3j_1"></span><span class="posbarB_mp3j" id="posbar_mp3j_1"></span></span><span class="T_mp3j" id="T_mp3j_1" style="font-size:14px;">JulkisenSananNeuvosto_2</span><span class="indi_mp3j" style="font-size:9.8px;" id="statusMI_1"></span></span><span class="vol_mp3j flipped" id="vol_mp3j_1"></span></span></div><span class="s-nosolution" id="mp3j_nosolution_1" style="display:none;"></span><script>
MP3jPLAYLISTS.inline_1 = [
	{ name: "JulkisenSananNeuvosto_2", formats: ["mp3"], mp3: "aHR0cDovL3N0cmVhbS52YWRlbG1hLm9yZzo2MTk3NC9rb3JwcGlyYWRpby9KdWxraXNlblNhbmFuTmV1dm9zdG9fMi5tcDM=", counterpart:"", artist: "", image: "", imgurl: "" }
];
</script>

<script>MP3jPLAYERS[1] = { list: MP3jPLAYLISTS.inline_1, tr:0, type:'single', lstate:'', loop:false, play_txt:'&nbsp;&nbsp;&nbsp;&nbsp;&nbsp;', pause_txt:'&nbsp;&nbsp;&nbsp;&nbsp;&nbsp;', pp_title:'', autoplay:false, download:false, vol:76, height:'' };</script></code></p>
<p><strong>Ensimmäinen jakso.</strong> Pääaiheina median ilmiöt, väkivalta ja itsenäisyys. Vieraana Jouko Kämäräinen. Kesto n. 3 h:</p>
<p><code><div id="mp3jWrap_2" class="mjp-s-wrapper s-graphic unsel-mjp bigger2 gill-mjp" style="font-size:14px;"><span id="playpause_wrap_mp3j_2" class="wrap_inline_mp3j" style="font-weight:700;"><span class="gfxbutton_mp3j play-mjp" id="playpause_mp3j_2" style="font-size:14px;">&nbsp;&nbsp;&nbsp;&nbsp;&nbsp;</span>&nbsp;<span class="group_wrap"><span class="bars_mp3j"><span class="loadB_mp3j" id="load_mp3j_2"></span><span class="posbarB_mp3j" id="posbar_mp3j_2"></span></span><span class="T_mp3j" id="T_mp3j_2" style="font-size:14px;">JulkisenSananNeuvosto_1</span><span class="indi_mp3j" style="font-size:9.8px;" id="statusMI_2"></span></span><span class="vol_mp3j flipped" id="vol_mp3j_2"></span></span></div><span class="s-nosolution" id="mp3j_nosolution_2" style="display:none;"></span><script>
MP3jPLAYLISTS.inline_2 = [
	{ name: "JulkisenSananNeuvosto_1", formats: ["mp3"], mp3: "aHR0cDovL3N0cmVhbS52YWRlbG1hLm9yZzo2MTk3NC9rb3JwcGlyYWRpby9KdWxraXNlblNhbmFuTmV1dm9zdG9fMS5tcDM=", counterpart:"", artist: "", image: "", imgurl: "" }
];
</script>

<script>MP3jPLAYERS[2] = { list: MP3jPLAYLISTS.inline_2, tr:0, type:'single', lstate:'', loop:false, play_txt:'&nbsp;&nbsp;&nbsp;&nbsp;&nbsp;', pause_txt:'&nbsp;&nbsp;&nbsp;&nbsp;&nbsp;', pp_title:'', autoplay:false, download:false, vol:76, height:'' };</script></code></p>
<p><code></code></p>
<p><code></code></p>
<p>&nbsp;</p>
<p>&nbsp;</p>

<p>(tauolla) Julkisen Sanan Neuvostossa kravaatti kireällä keskustelua vieraiden kanssa ajankohtaisista arkipolitiisista kipupisteistä ja syistä niiden takana. Olemme paskiaisia, mitä on tehtävissä? Keskusteluun voi osallistua ohjelman aikana raakkulaatikon kautta. Tekijöinä Sakari Laurila ja Korppiradion toimituskunta, sekä vaihtuvat vieraat. Tekijä: Sakari Laurila ja vaihtuvat vieraat. &nbsp; Nauhoitetut jaksot: Kolmas jakso. Pääaiheena käupunkimetsien puolustus, sekä yhteiskunnan ja yksilön&hellip;</p>
